{"id":88,"date":"2021-10-29T16:09:47","date_gmt":"2021-10-29T16:09:47","guid":{"rendered":"https:\/\/corain.it\/?page_id=88"},"modified":"2021-10-29T16:10:08","modified_gmt":"2021-10-29T16:10:08","slug":"privacy-cookie-policy","status":"publish","type":"page","link":"https:\/\/corain.it\/index.php\/privacy-cookie-policy\/","title":{"rendered":"PRIVACY &#038; COOKIE POLICY"},"content":{"rendered":"<p>[et_pb_section fb_built=&#8221;1&#8243; _builder_version=&#8221;4.12.0&#8243; _module_preset=&#8221;default&#8221; background_color=&#8221;#333333&#8243; global_colors_info=&#8221;{}&#8221;][et_pb_row _builder_version=&#8221;4.12.0&#8243; _module_preset=&#8221;default&#8221; global_colors_info=&#8221;{}&#8221;][et_pb_column type=&#8221;4_4&#8243; _builder_version=&#8221;4.12.0&#8243; _module_preset=&#8221;default&#8221; global_colors_info=&#8221;{}&#8221;][et_pb_text _builder_version=&#8221;4.12.0&#8243; _module_preset=&#8221;default&#8221; header_font=&#8221;Teko|||on|||||&#8221; header_text_color=&#8221;#FFFFFF&#8221; header_font_size=&#8221;60px&#8221; header_font_size_tablet=&#8221;40px&#8221; header_font_size_phone=&#8221;30px&#8221; header_font_size_last_edited=&#8221;on|phone&#8221; global_colors_info=&#8221;{}&#8221;]<\/p>\n<h1>PRIVACY POLICY<\/h1>\n<p>[\/et_pb_text][et_pb_text _builder_version=&#8221;4.12.0&#8243; _module_preset=&#8221;default&#8221; text_font=&#8221;Didact Gothic||||||||&#8221; text_text_color=&#8221;rgba(255,255,255,0.7)&#8221; text_font_size=&#8221;16px&#8221; text_orientation=&#8221;justified&#8221; text_font_size_tablet=&#8221;16px&#8221; text_font_size_phone=&#8221;12px&#8221; text_font_size_last_edited=&#8221;on|phone&#8221; global_colors_info=&#8221;{}&#8221;]<\/p>\n<p><span style=\"text-decoration: underline;\"><strong>INFORMATIVA sul trattamento dei dati personali ex art. 13 D.Lgs. 196\/2003 e Regolamento UE 2016\/679<\/strong><\/span><\/p>\n<p><span style=\"font-weight: 400;\">Egregio utente, nel rispetto del art. 13 D.Lgs. 196\/2003 e Regolamento UE 2016\/679 (cos\u00ec detto GDPR) la informiamo che il trattamento dei suoi dati personali sar\u00e0 improntato ai principi di correttezza, liceit\u00e0, trasparenza e di tutela della Sua riservatezza e dei Suoi diritti, inoltre le forniamo le informazioni sul trattamento dei suoi dati personali effettuati per consentirle l\u2019uso del sito www.corain.it<\/span><\/p>\n<p>&nbsp;<\/p>\n<p><span style=\"text-decoration: underline;\"><strong>Il \u201ctitolare\u201d del trattamento<\/strong><\/span><\/p>\n<p><span style=\"font-weight: 400;\">A seguito della consultazione di questo sito possono essere trattati dati relativi a persone identificate o identificabili. Il \u201ctitolare\u201d del loro trattamento \u00e8 Toselli Arturo nella persona del legale rappresentante pro tempore dall\u2019agenzia Corain, che ha sede legale in Desenzano del Garda &#8211; Via Mezzocolle, 54 &#8211; 25015 \u2013 sito <\/span><a href=\"http:\/\/www.corain.it\"><span style=\"font-weight: 400;\">www.corain.it<\/span><\/a><span style=\"font-weight: 400;\">\u00a0 telef 0309120048 mail di contatto info@corain.it. Inoltre si evidenzia che la norma vigente non richiede la nomina del DPO (Data Protection Officer) \u201cresponsabile della protezione dei dati\u201d ex art.37 GDPR.<\/span><\/p>\n<p>&nbsp;<\/p>\n<p><span style=\"text-decoration: underline;\"><strong>Il \u201cresponsabile\u201d del trattamento<\/strong><\/span><\/p>\n<p><span style=\"font-weight: 400;\">Ai sensi dell\u2019art.4 GDPR si evidenzia che il responsabile del Trattamento \u00e8 Corain s.n.c. Desenzano del Garda &#8211; Via Mezzocolle, 54 &#8211; 25015 (BS).\u00a0<\/span><\/p>\n<p>&nbsp;<\/p>\n<p><span style=\"text-decoration: underline;\"><strong>Luogo di trattamento dei dati<\/strong><\/span><\/p>\n<p><span style=\"font-weight: 400;\">I trattamenti connessi ai servizi web di questo sito hanno luogo presso il manteiner Corain s.n.c. &#8211; Via Mezzocolle, 54 &#8211; 25015 &#8211; Desenzano del Garda (BS) &#8211; Italy in qualit\u00e0 di responsabile del trattamento autonomo, e sono curati solo da personale tecnico incaricato del trattamento, oppure da eventuali incaricati di occasionali operazioni di manutenzione. Nessun dato personale derivante dal servizio web viene comunicato o diffuso senza esplicito consenso dell\u2019interessato fatta eccezione a quelli imposti dalla normativa vigente oppure da richieste delle autorit\u00e0 giudiziarie o di pubblica sicurezza. I dati personali forniti dagli utenti che inoltrano richieste di invio di materiale sono utilizzati al solo fine di eseguire il servizio o la prestazione richiesta e sono comunicati a terzi nel solo caso in cui ci\u00f2 sia a tal fine necessario. Nell\u2019ambito del trattamento effettuato i suoi dati potrebbero essere trasferite verso paesi terzi in conseguenza dell\u2019utilizzo di risorse cloud computing a fini di archiviazione e conservazione dei dati. In tal caso tutti i suoi dati saranno protetti mediante l\u2019utilizzo di tecniche di pseudonimizzazione e\/o cifratura.<\/span><\/p>\n<p>&nbsp;<\/p>\n<p><span style=\"text-decoration: underline;\"><strong>Classificazione dei trattamenti<\/strong><\/span><\/p>\n<p><span style=\"font-weight: 400;\">I sistemi informatici e le procedure software preposte al funzionamento di questo sito web acquisiscono, nel corso del loro normale esercizio, alcuni dati personali la cui trasmissione \u00e8 implicita nell\u2019uso dei protocolli di comunicazione di Internet. Si tratta di informazioni che non sono raccolte per essere associate a interessati identificati, ma che per loro stessa natura potrebbero, attraverso elaborazioni ed associazioni con dati detenuti da terzi, permettere di identificare gli utenti. In questa categoria di dati rientrano gli indirizzi IP o i nomi a dominio dei computer utilizzati dagli utenti che si connettono al sito, gli indirizzi in notazione URI (Uniform Resource Identifier) delle risorse richieste, l\u2019orario della richiesta, il metodo utilizzato nel sottoporre la richiesta al server, la dimensione del file ottenuto in risposta, il codice numerico indicante lo stato della risposta data dal server (buon fine, errore, ecc.) ed altri parametri relativi al sistema operativo e all\u2019ambiente informatico dell\u2019utente. Questi dati vengono utilizzati al solo fine di ricavare informazioni statistiche anonime sull\u2019uso del sito e per controllarne il corretto funzionamento e vengono cancellati immediatamente dopo l\u2019elaborazione. I dati potrebbero essere utilizzati per l\u2019accertamento di responsabilit\u00e0 in caso di ipotetici reati informatici ai danni del sito: salva questa eventualit\u00e0, allo stato i dati sui contatti web non persistono per pi\u00f9 di sette giorni.<\/span><\/p>\n<p>&nbsp;<\/p>\n<p><span style=\"text-decoration: underline;\"><strong>Dati forniti volontariamente dall\u2019utente<\/strong><\/span><\/p>\n<p><span style=\"font-weight: 400;\">I dati personali raccolti e trattati sono giuridicamente collegabili alla necessit\u00e0 minima di funzionamento del sito. Detti dati non vengono trattati al fine di concludere contratti commerciali, ma al solo scopo di consentire il corretto funzionamento del sito. L\u2019invio facoltativo, esplicito e volontario di posta elettronica agli indirizzi indicati su questo sito comporta la successiva acquisizione dell\u2019indirizzo del mittente, necessario per rispondere alle richieste, nonch\u00e9 degli eventuali altri dati personali inseriti nella missiva. Specifiche informative di sintesi verranno progressivamente riportate o visualizzate nelle pagine del sito predisposte per particolari servizi a richiesta.<\/span><\/p>\n<p>[\/et_pb_text][et_pb_text _builder_version=&#8221;4.12.0&#8243; _module_preset=&#8221;default&#8221; header_font=&#8221;Teko|||on|||||&#8221; header_text_color=&#8221;#FFFFFF&#8221; header_font_size=&#8221;60px&#8221; custom_padding=&#8221;50px||||false|false&#8221; header_font_size_tablet=&#8221;40px&#8221; header_font_size_phone=&#8221;30px&#8221; header_font_size_last_edited=&#8221;on|phone&#8221; global_colors_info=&#8221;{}&#8221;]<\/p>\n<h1>COOKIE POLICY<\/h1>\n<p>[\/et_pb_text][et_pb_text _builder_version=&#8221;4.12.0&#8243; _module_preset=&#8221;default&#8221; text_font=&#8221;Didact Gothic||||||||&#8221; text_text_color=&#8221;rgba(255,255,255,0.7)&#8221; text_font_size=&#8221;16px&#8221; text_orientation=&#8221;justified&#8221; text_font_size_tablet=&#8221;16px&#8221; text_font_size_phone=&#8221;12px&#8221; text_font_size_last_edited=&#8221;on|phone&#8221; global_colors_info=&#8221;{}&#8221;]<\/p>\n<p><span style=\"font-weight: 400;\">Si prega di leggere attentamente la presente cookie policy prima di utilizzare il sito web di corain.it gestito da noi.<\/span><\/p>\n<p><span style=\"text-decoration: underline;\"><b>Cosa sono i cookie?<\/b><\/span><\/p>\n<p><span style=\"font-weight: 400;\">I cookie sono semplici file di testo che vengono memorizzati sul tuo computer o dispositivo mobile dal server di un sito web. Ogni cookie \u00e8 unico per il tuo browser web. Conterr\u00e0 alcune informazioni anonime come un identificatore univoco, il nome di dominio del sito Web e alcune cifre e numeri.<\/span><\/p>\n<p><span style=\"text-decoration: underline;\"><b>Quali tipi di cookie utilizziamo?<\/b><\/span><\/p>\n<p><span style=\"text-decoration: underline;\"><b>Cookie necessari<\/b><\/span><\/p>\n<p><span style=\"font-weight: 400;\">I cookie necessari ci consentono di offrirti la migliore esperienza possibile durante l&#8217;accesso e la navigazione nel nostro sito Web e l&#8217;utilizzo delle sue funzionalit\u00e0. Ad esempio, questi cookie ci consentono di riconoscere che hai creato un account e hai effettuato l&#8217;accesso a tale account.<\/span><\/p>\n<p><span style=\"text-decoration: underline;\"><b>Cookie di funzionalit\u00e0<\/b><\/span><\/p>\n<p><span style=\"font-weight: 400;\">I cookie di funzionalit\u00e0 ci consentono di far funzionare il sito in base alle scelte che fai. Ad esempio, riconosceremo il tuo nome utente e ricorderemo come hai personalizzato il sito durante le visite future.<\/span><\/p>\n<p><span style=\"text-decoration: underline;\"><b>Cookie analitici<\/b><\/span><\/p>\n<p><span style=\"font-weight: 400;\">Questi cookie consentono a noi e ai servizi di terze parti di raccogliere dati aggregati a fini statistici su come i nostri visitatori utilizzano il sito web. Questi cookie non contengono informazioni personali come nomi e indirizzi e-mail e vengono utilizzati per aiutarci a migliorare l&#8217;esperienza dell&#8217;utente del sito web.<\/span><\/p>\n<p><span style=\"text-decoration: underline;\"><b>Come eliminare i cookie?<\/b><\/span><\/p>\n<p><span style=\"font-weight: 400;\">Se desideri limitare o bloccare i cookie impostati dal nostro sito Web, puoi farlo tramite le impostazioni del browser. In alternativa, puoi visitare www.internetcookies.org, che contiene informazioni complete su come eseguire questa operazione su un&#8217;ampia variet\u00e0 di browser e dispositivi. Troverai informazioni generali sui cookie e dettagli su come eliminare i cookie dal tuo dispositivo.<\/span><\/p>\n<p><span style=\"text-decoration: underline;\"><b>Contattaci<\/b><\/span><\/p>\n<p><span style=\"font-weight: 400;\">Se hai domande su questa politica o sul nostro utilizzo dei cookie, ti preghiamo di contattarci.<\/span><\/p>\n<p>[\/et_pb_text][\/et_pb_column][\/et_pb_row][\/et_pb_section]<\/p>\n","protected":false},"excerpt":{"rendered":"<p>PRIVACY POLICYINFORMATIVA sul trattamento dei dati personali ex art. 13 D.Lgs. 196\/2003 e Regolamento UE 2016\/679 Egregio utente, nel rispetto del art. 13 D.Lgs. 196\/2003 e Regolamento UE 2016\/679 (cos\u00ec detto GDPR) la informiamo che il trattamento dei suoi dati personali sar\u00e0 improntato ai principi di correttezza, liceit\u00e0, trasparenza e di tutela della Sua riservatezza [&hellip;]<\/p>\n","protected":false},"author":1,"featured_media":0,"parent":0,"menu_order":0,"comment_status":"closed","ping_status":"closed","template":"page-template-blank.php","meta":{"_et_pb_use_builder":"on","_et_pb_old_content":"","_et_gb_content_width":"","footnotes":""},"class_list":["post-88","page","type-page","status-publish","hentry"],"yoast_head":"<!-- This site is optimized with the Yoast SEO plugin v27.5 - https:\/\/yoast.com\/product\/yoast-seo-wordpress\/ -->\n<title>PRIVACY &amp; COOKIE POLICY - Corain<\/title>\n<meta name=\"robots\" content=\"index, follow, max-snippet:-1, max-image-preview:large, max-video-preview:-1\" \/>\n<link rel=\"canonical\" href=\"https:\/\/corain.it\/index.php\/privacy-cookie-policy\/\" \/>\n<meta property=\"og:locale\" content=\"it_IT\" \/>\n<meta property=\"og:type\" content=\"article\" \/>\n<meta property=\"og:title\" content=\"PRIVACY &amp; COOKIE POLICY - Corain\" \/>\n<meta property=\"og:description\" content=\"PRIVACY POLICYINFORMATIVA sul trattamento dei dati personali ex art. 13 D.Lgs. 196\/2003 e Regolamento UE 2016\/679 Egregio utente, nel rispetto del art. 13 D.Lgs. 196\/2003 e Regolamento UE 2016\/679 (cos\u00ec detto GDPR) la informiamo che il trattamento dei suoi dati personali sar\u00e0 improntato ai principi di correttezza, liceit\u00e0, trasparenza e di tutela della Sua riservatezza [&hellip;]\" \/>\n<meta property=\"og:url\" content=\"https:\/\/corain.it\/index.php\/privacy-cookie-policy\/\" \/>\n<meta property=\"og:site_name\" content=\"Corain\" \/>\n<meta property=\"article:modified_time\" content=\"2021-10-29T16:10:08+00:00\" \/>\n<meta name=\"twitter:card\" content=\"summary_large_image\" \/>\n<meta name=\"twitter:label1\" content=\"Tempo di lettura stimato\" \/>\n\t<meta name=\"twitter:data1\" content=\"6 minuti\" \/>\n<script type=\"application\/ld+json\" class=\"yoast-schema-graph\">{\"@context\":\"https:\\\/\\\/schema.org\",\"@graph\":[{\"@type\":\"WebPage\",\"@id\":\"https:\\\/\\\/corain.it\\\/index.php\\\/privacy-cookie-policy\\\/\",\"url\":\"https:\\\/\\\/corain.it\\\/index.php\\\/privacy-cookie-policy\\\/\",\"name\":\"PRIVACY & COOKIE POLICY - Corain\",\"isPartOf\":{\"@id\":\"https:\\\/\\\/corain.it\\\/#website\"},\"datePublished\":\"2021-10-29T16:09:47+00:00\",\"dateModified\":\"2021-10-29T16:10:08+00:00\",\"breadcrumb\":{\"@id\":\"https:\\\/\\\/corain.it\\\/index.php\\\/privacy-cookie-policy\\\/#breadcrumb\"},\"inLanguage\":\"it-IT\",\"potentialAction\":[{\"@type\":\"ReadAction\",\"target\":[\"https:\\\/\\\/corain.it\\\/index.php\\\/privacy-cookie-policy\\\/\"]}]},{\"@type\":\"BreadcrumbList\",\"@id\":\"https:\\\/\\\/corain.it\\\/index.php\\\/privacy-cookie-policy\\\/#breadcrumb\",\"itemListElement\":[{\"@type\":\"ListItem\",\"position\":1,\"name\":\"Home\",\"item\":\"https:\\\/\\\/corain.it\\\/\"},{\"@type\":\"ListItem\",\"position\":2,\"name\":\"PRIVACY &#038; COOKIE POLICY\"}]},{\"@type\":\"WebSite\",\"@id\":\"https:\\\/\\\/corain.it\\\/#website\",\"url\":\"https:\\\/\\\/corain.it\\\/\",\"name\":\"Corain\",\"description\":\"Costruire...in legno!\",\"publisher\":{\"@id\":\"https:\\\/\\\/corain.it\\\/#organization\"},\"potentialAction\":[{\"@type\":\"SearchAction\",\"target\":{\"@type\":\"EntryPoint\",\"urlTemplate\":\"https:\\\/\\\/corain.it\\\/?s={search_term_string}\"},\"query-input\":{\"@type\":\"PropertyValueSpecification\",\"valueRequired\":true,\"valueName\":\"search_term_string\"}}],\"inLanguage\":\"it-IT\"},{\"@type\":\"Organization\",\"@id\":\"https:\\\/\\\/corain.it\\\/#organization\",\"name\":\"Corain s.n.c.\",\"url\":\"https:\\\/\\\/corain.it\\\/\",\"logo\":{\"@type\":\"ImageObject\",\"inLanguage\":\"it-IT\",\"@id\":\"https:\\\/\\\/corain.it\\\/#\\\/schema\\\/logo\\\/image\\\/\",\"url\":\"https:\\\/\\\/corain.it\\\/wp-content\\\/uploads\\\/2021\\\/10\\\/logo-corain-2021.png\",\"contentUrl\":\"https:\\\/\\\/corain.it\\\/wp-content\\\/uploads\\\/2021\\\/10\\\/logo-corain-2021.png\",\"width\":500,\"height\":315,\"caption\":\"Corain s.n.c.\"},\"image\":{\"@id\":\"https:\\\/\\\/corain.it\\\/#\\\/schema\\\/logo\\\/image\\\/\"}}]}<\/script>\n<!-- \/ Yoast SEO plugin. -->","yoast_head_json":{"title":"PRIVACY & COOKIE POLICY - Corain","robots":{"index":"index","follow":"follow","max-snippet":"max-snippet:-1","max-image-preview":"max-image-preview:large","max-video-preview":"max-video-preview:-1"},"canonical":"https:\/\/corain.it\/index.php\/privacy-cookie-policy\/","og_locale":"it_IT","og_type":"article","og_title":"PRIVACY & COOKIE POLICY - Corain","og_description":"PRIVACY POLICYINFORMATIVA sul trattamento dei dati personali ex art. 13 D.Lgs. 196\/2003 e Regolamento UE 2016\/679 Egregio utente, nel rispetto del art. 13 D.Lgs. 196\/2003 e Regolamento UE 2016\/679 (cos\u00ec detto GDPR) la informiamo che il trattamento dei suoi dati personali sar\u00e0 improntato ai principi di correttezza, liceit\u00e0, trasparenza e di tutela della Sua riservatezza [&hellip;]","og_url":"https:\/\/corain.it\/index.php\/privacy-cookie-policy\/","og_site_name":"Corain","article_modified_time":"2021-10-29T16:10:08+00:00","twitter_card":"summary_large_image","twitter_misc":{"Tempo di lettura stimato":"6 minuti"},"schema":{"@context":"https:\/\/schema.org","@graph":[{"@type":"WebPage","@id":"https:\/\/corain.it\/index.php\/privacy-cookie-policy\/","url":"https:\/\/corain.it\/index.php\/privacy-cookie-policy\/","name":"PRIVACY & COOKIE POLICY - Corain","isPartOf":{"@id":"https:\/\/corain.it\/#website"},"datePublished":"2021-10-29T16:09:47+00:00","dateModified":"2021-10-29T16:10:08+00:00","breadcrumb":{"@id":"https:\/\/corain.it\/index.php\/privacy-cookie-policy\/#breadcrumb"},"inLanguage":"it-IT","potentialAction":[{"@type":"ReadAction","target":["https:\/\/corain.it\/index.php\/privacy-cookie-policy\/"]}]},{"@type":"BreadcrumbList","@id":"https:\/\/corain.it\/index.php\/privacy-cookie-policy\/#breadcrumb","itemListElement":[{"@type":"ListItem","position":1,"name":"Home","item":"https:\/\/corain.it\/"},{"@type":"ListItem","position":2,"name":"PRIVACY &#038; COOKIE POLICY"}]},{"@type":"WebSite","@id":"https:\/\/corain.it\/#website","url":"https:\/\/corain.it\/","name":"Corain","description":"Costruire...in legno!","publisher":{"@id":"https:\/\/corain.it\/#organization"},"potentialAction":[{"@type":"SearchAction","target":{"@type":"EntryPoint","urlTemplate":"https:\/\/corain.it\/?s={search_term_string}"},"query-input":{"@type":"PropertyValueSpecification","valueRequired":true,"valueName":"search_term_string"}}],"inLanguage":"it-IT"},{"@type":"Organization","@id":"https:\/\/corain.it\/#organization","name":"Corain s.n.c.","url":"https:\/\/corain.it\/","logo":{"@type":"ImageObject","inLanguage":"it-IT","@id":"https:\/\/corain.it\/#\/schema\/logo\/image\/","url":"https:\/\/corain.it\/wp-content\/uploads\/2021\/10\/logo-corain-2021.png","contentUrl":"https:\/\/corain.it\/wp-content\/uploads\/2021\/10\/logo-corain-2021.png","width":500,"height":315,"caption":"Corain s.n.c."},"image":{"@id":"https:\/\/corain.it\/#\/schema\/logo\/image\/"}}]}},"_links":{"self":[{"href":"https:\/\/corain.it\/index.php\/wp-json\/wp\/v2\/pages\/88","targetHints":{"allow":["GET"]}}],"collection":[{"href":"https:\/\/corain.it\/index.php\/wp-json\/wp\/v2\/pages"}],"about":[{"href":"https:\/\/corain.it\/index.php\/wp-json\/wp\/v2\/types\/page"}],"author":[{"embeddable":true,"href":"https:\/\/corain.it\/index.php\/wp-json\/wp\/v2\/users\/1"}],"replies":[{"embeddable":true,"href":"https:\/\/corain.it\/index.php\/wp-json\/wp\/v2\/comments?post=88"}],"version-history":[{"count":4,"href":"https:\/\/corain.it\/index.php\/wp-json\/wp\/v2\/pages\/88\/revisions"}],"predecessor-version":[{"id":93,"href":"https:\/\/corain.it\/index.php\/wp-json\/wp\/v2\/pages\/88\/revisions\/93"}],"wp:attachment":[{"href":"https:\/\/corain.it\/index.php\/wp-json\/wp\/v2\/media?parent=88"}],"curies":[{"name":"wp","href":"https:\/\/api.w.org\/{rel}","templated":true}]}}